{"id":3828,"date":"2017-10-10T17:16:46","date_gmt":"2017-10-10T15:16:46","guid":{"rendered":"http:\/\/www.graduats.org\/wordpress\/?page_id=3828"},"modified":"2018-10-15T17:14:00","modified_gmt":"2018-10-15T15:14:00","slug":"seminario-de-formacion-2017-2018","status":"publish","type":"page","link":"http:\/\/www.graduats.org\/wordpress\/seminario-de-formacion-2017-2018\/","title":{"rendered":"Seminario de formaci\u00f3n 2017-2018"},"content":{"rendered":"<p><strong>La fe a trav\u00e9s del arte<\/strong><\/p>\n<p><strong>1 \u00aa Cristo, la gloria visible del Dios invisible<br \/>\n<\/strong>S\u00e1bado, 18 de noviembre de 2017<br \/>\nPresentaci\u00f3n por Daniel Benito Goerlich del documental: \u00abLa Cruz\u00bb,\u00a0de la serie <em>Buscando la Salvaci\u00f3n <\/em>por\u00a0Neil McGregor.<\/p>\n<p><strong>2\u00aa <a href=\"https:\/\/www.dropbox.com\/s\/1q788wwx0e9lqpj\/Elena.%20Arte%20y%20Fe.%20Sesi%C3%B3n%202.%20Or%C3%ADgenes%20a%20edad%20Media.pdf?dl=0\" target=\"_blank\" rel=\"noopener\">La construcci\u00f3n del arte cristiano: desde los or\u00edgenes a la edad media<\/a><br \/>\n<\/strong>Elena Ruiz y Garc\u00eda Trevijano.S\u00e1bado, 3 de febrero de 2017<\/p>\n<p><strong>3\u00aa <a href=\"https:\/\/www.dropbox.com\/s\/krkvffx4u5u9rqt\/danielbenito.pdf?dl=0\" target=\"_blank\" rel=\"noopener\">Arte reformado y Barroco<\/a><\/strong><br \/>\nDaniel Benito Goerlich<br \/>\nS\u00e1bado, 14 de abril de 2018<\/p>\n<p><strong>4\u00aa Arte cristiano y mundo contempor\u00e1neo<\/strong><br \/>\nMar\u00eda Victoria Vergara<br \/>\nS\u00e1bado, 19 de mayo de 2018<\/p>\n<p><img loading=\"lazy\" decoding=\"async\" class=\"aligncenter wp-image-3869\" src=\"http:\/\/www.graduats.org\/wordpress\/wp-content\/uploads\/2017\/10\/icono.png\" alt=\"\" width=\"326\" height=\"500\" srcset=\"http:\/\/www.graduats.org\/wordpress\/wp-content\/uploads\/2017\/10\/icono.png 681w, http:\/\/www.graduats.org\/wordpress\/wp-content\/uploads\/2017\/10\/icono-196x300.png 196w, http:\/\/www.graduats.org\/wordpress\/wp-content\/uploads\/2017\/10\/icono-668x1024.png 668w, http:\/\/www.graduats.org\/wordpress\/wp-content\/uploads\/2017\/10\/icono-91x140.png 91w\" sizes=\"auto, (max-width: 326px) 100vw, 326px\" \/><\/p>\n<p align=\"center\"><span style=\"color: #800000;\"><strong>CLAUSURA DEL CONCILIO ECUM\u00c9NICO VATICANO II<br \/>\n<span style=\"font-family: Times;\">PABLO VI<br \/>\n<\/span><i><span style=\"font-size: large;\">MENSAJE A LOS ARTISTAS<\/span><\/i><\/strong><\/span><\/p>\n<p align=\"left\">A todos vosotros ahora, artistas, que est\u00e1is prendados de la belleza y que trabaj\u00e1is por ella; poetas y gentes de letras, pintores, escultores, arquitectos, m\u00fasicos, hombres de teatro y cineastas&#8230; A todos vosotros, la Iglesia del Concilio dice por nuestras voz: Si sois los amigos del arte verdadero, vosotros sois nuestros amigos.<\/p>\n<p align=\"left\">La Iglesia est\u00e1 aliada desde hace tiempo con vosotros. Vosotros hab\u00e9is construido y decorado sus templos, celebrado sus dogmas, enriquecido su liturgia. Vosotros hab\u00e9is ayudado a traducir su divino mensaje en la lengua de las formas y las figuras, convirtiendo en visible el mundo invisible.<\/p>\n<p align=\"left\">Hoy como ayer, la Iglesia os necesita y se vuelve hacia vosotros. Ella os dice por nuestra voz: No permit\u00e1is que se rompa una alianza fecunda entre todos. No rehus\u00e9is poner vuestro talento al servicio de la verdad divina. No cerr\u00e9is vuestro esp\u00edritu al soplo del Esp\u00edritu Santo.<\/p>\n<p align=\"left\">Este mundo en que vivimos tiene necesidad de la belleza para no caer en la desesperanza. La belleza, como la verdad, es quien pone alegr\u00eda en el coraz\u00f3n de los hombres; es el fruto precioso que resiste la usura del tiempo, que une las generaciones y las hace comunicarse en la admiraci\u00f3n. Y todo ello por vuestras manos.<\/p>\n<p align=\"left\">Que estas manos sean puras y desinteresadas. Recordad que sois los guardianes de la belleza en el mundo, que esto baste para libertaros de placeres ef\u00edmeros y sin verdadero valor, para libraros de la b\u00fasqueda de expresiones extra\u00f1as o desagradables.<\/p>\n<p align=\"left\">Sed siempre y en todo lugar dignos de vuestro ideal y ser\u00e9is dignos de la Iglesia, que por nuestra voz os dirige en este d\u00eda su mensaje de amistad, de salvaci\u00f3n, de gracia y de bendici\u00f3n.<\/p>\n<p align=\"left\"><span style=\"font-family: Times; font-size: medium;\"><i>8 de diciembre de 1965<\/i><\/span><\/p>\n<p><img loading=\"lazy\" decoding=\"async\" class=\"aligncenter wp-image-3873\" src=\"http:\/\/www.graduats.org\/wordpress\/wp-content\/uploads\/2017\/10\/el-arbol-de-la-vida..png\" alt=\"\" width=\"552\" height=\"795\" srcset=\"http:\/\/www.graduats.org\/wordpress\/wp-content\/uploads\/2017\/10\/el-arbol-de-la-vida..png 700w, http:\/\/www.graduats.org\/wordpress\/wp-content\/uploads\/2017\/10\/el-arbol-de-la-vida.-208x300.png 208w, http:\/\/www.graduats.org\/wordpress\/wp-content\/uploads\/2017\/10\/el-arbol-de-la-vida.-97x140.png 97w\" sizes=\"auto, (max-width: 552px) 100vw, 552px\" \/><\/p>\n<p>&nbsp;<\/p>\n","protected":false},"excerpt":{"rendered":"<p>La fe a trav\u00e9s del arte 1 \u00aa Cristo, la gloria visible del Dios invisible S\u00e1bado, 18 de noviembre de 2017 Presentaci\u00f3n por Daniel Benito Goerlich del documental: \u00abLa Cruz\u00bb,\u00a0de la serie Buscando la Salvaci\u00f3n por\u00a0Neil McGregor. 2\u00aa La construcci\u00f3n del arte cristiano: desde los or\u00edgenes a la edad media Elena Ruiz y Garc\u00eda Trevijano.S\u00e1bado, [&hellip;]<\/p>\n","protected":false},"author":1,"featured_media":0,"parent":0,"menu_order":0,"comment_status":"closed","ping_status":"closed","template":"","meta":{"footnotes":""},"class_list":["post-3828","page","type-page","status-publish","hentry"],"_links":{"self":[{"href":"http:\/\/www.graduats.org\/wordpress\/wp-json\/wp\/v2\/pages\/3828","targetHints":{"allow":["GET"]}}],"collection":[{"href":"http:\/\/www.graduats.org\/wordpress\/wp-json\/wp\/v2\/pages"}],"about":[{"href":"http:\/\/www.graduats.org\/wordpress\/wp-json\/wp\/v2\/types\/page"}],"author":[{"embeddable":true,"href":"http:\/\/www.graduats.org\/wordpress\/wp-json\/wp\/v2\/users\/1"}],"replies":[{"embeddable":true,"href":"http:\/\/www.graduats.org\/wordpress\/wp-json\/wp\/v2\/comments?post=3828"}],"version-history":[{"count":14,"href":"http:\/\/www.graduats.org\/wordpress\/wp-json\/wp\/v2\/pages\/3828\/revisions"}],"predecessor-version":[{"id":4150,"href":"http:\/\/www.graduats.org\/wordpress\/wp-json\/wp\/v2\/pages\/3828\/revisions\/4150"}],"wp:attachment":[{"href":"http:\/\/www.graduats.org\/wordpress\/wp-json\/wp\/v2\/media?parent=3828"}],"curies":[{"name":"wp","href":"https:\/\/api.w.org\/{rel}","templated":true}]}}