{"id":3881,"date":"2017-10-13T05:40:01","date_gmt":"2017-10-13T03:40:01","guid":{"rendered":"http:\/\/www.graduats.org\/wordpress\/?page_id=3881"},"modified":"2019-10-20T08:16:02","modified_gmt":"2019-10-20T06:16:02","slug":"asamblea-de-inicio","status":"publish","type":"page","link":"http:\/\/www.graduats.org\/wordpress\/asamblea-de-inicio\/","title":{"rendered":"Asamblea de inicio 2017-2018"},"content":{"rendered":"<p>Celebramos la asamblea un a\u00f1o m\u00e1s en Rocafort. Programamos el curso y reflexionamos sobre las tareas que nos esperan: Profesionales Cristianos, Novaterra&#8230; Tambi\u00e9n elegimos el tema del seminario de formaci\u00f3n de este curso. Trataremos sobre la historia del arte y la transmisi\u00f3n de la fe: fe, arte y evangelizaci\u00f3n. C\u00f3mo explica el arte y su simbolog\u00eda la fe cristiana, la doctrina de la iglesia; qu\u00e9 se acent\u00faa en cada momento y c\u00f3mo es la did\u00e1ctica de la fe a trav\u00e9s de los tiempos. Adem\u00e1s de la finalidad propia de los seminarios, formarnos, queremos aproximarnos, desde el arte, a las formas que nos permitan evangelizar en la actualidad,  tratar de entender c\u00f3mo el arte puede facilitar una experiencia de Dios.<br \/>\nA continuaci\u00f3n los textos de la oraci\u00f3n, la motivaci\u00f3n para la reflexi\u00f3n de comienzo de curso y la eucarist\u00eda.<br \/>\nCanto: Spiritus Jesu Christi, Spiritus caritatis, confirmet cor tuum, confirmet cor tuum.<\/p>\n<p>El Esp\u00edritu de Jesucristo, esp\u00edritu de amor, confirme tu coraz\u00f3n<\/p>\n<p>Oraci\u00f3n<\/p>\n<p>Ser en la vida buena noticia,<\/p>\n<p>ser gesto, palabra, imagen, silencio, canci\u00f3n.<\/p>\n<p>Salir a la calle a diario, llegar hasta el \u00faltimo rinc\u00f3n.<\/p>\n<p>Llevar sin tardar, para todos, bocados de aliento\u2026 de Dios.<\/p>\n<p>Vivir de tal manera, que a algunos despierte curiosidad<\/p>\n<p>nuestro vivir con menos, con otros, con riesgo, con gratuidad.<\/p>\n<p>Dejar que los otros, los pobres, coman de nuestro tiempo,<\/p>\n<p>hasta encontrar en ellos, nosotros, la extraviada identidad.<\/p>\n<p>Y siempre, siempre, siempre, buscar el sitio entre la gente.<\/p>\n<p>Pues toda ella es, sin dudarlo, la buena noticia de Dios.<\/p>\n<p>Posar sus miedos, alzar sus sue\u00f1os, andar sus pasos intermitentes,<\/p>\n<p>hasta lograr que todos destapen el gran tesoro que son por dentro.<\/p>\n<p>Padre Nuestro\u2026<br \/>\nReuni\u00f3n por equipos&nbsp;<br \/>\nSEMBRAR<\/p>\n<p>Al terminar el relato de la par\u00e1bola del sembrador, Jes\u00fas hace esta llamada: \u00abEl que tenga o\u00eddos para o\u00edr que oiga\u00bb. Se nos pide que prestemos mucha atenci\u00f3n a la par\u00e1bola. Pero, \u00bfen qu\u00e9 hemos de reflexionar? \u00bfEn el sembrador? \u00bfEn la semilla? \u00bfEn los diferentes terrenos?<\/p>\n<p>Tradicionalmente, los cristianos nos hemos fijado casi exclusivamente en los terrenos en que cae la semilla, para revisar cu\u00e1l es nuestra actitud al escuchar el Evangelio. Sin embargo es importante prestar tambi\u00e9n atenci\u00f3n al sembrador y a su modo de sembrar.<\/p>\n<p>Es lo primero que dice el relato: \u00abSali\u00f3 el sembrador a sembrar\u00bb. Lo hace con una confianza sorprendente. Siembra de manera abundante. La semilla cae y cae por todas partes, incluso donde parece dif\u00edcil que pueda germinar. As\u00ed lo hac\u00edan los campesinos de Galilea, que sembraban incluso al borde de los caminos y en terrenos pedregosos.<\/p>\n<p>A la gente no le es dif\u00edcil identificar al sembrador. As\u00ed siembra Jes\u00fas su mensaje. Lo ven salir todas las ma\u00f1anas a anunciar la Buena Noticia de Dios. Siembra su Palabra entre la gente sencilla, que lo acoge, y tambi\u00e9n entre los escribas y fariseos, que lo rechazan. Nunca se desalienta. Su siembra no ser\u00e1 est\u00e9ril.<\/p>\n<p>Desbordados por una fuerte crisis religiosa, podemos pensar que el Evangelio ha perdido su fuerza original y que el mensaje de Jes\u00fas ya no tiene garra para atraer la atenci\u00f3n del hombre o la mujer de hoy. Ciertamente, no es el momento de \u00abcosechar\u00bb \u00e9xitos llamativos, sino de aprender a sembrar sin desalentarnos, con m\u00e1s humildad y verdad.<\/p>\n<p>No es el Evangelio el que ha perdido fuerza humanizadora; somos nosotros los que lo estamos anunciando con una fe d\u00e9bil y vacilante. No es Jes\u00fas el que ha perdido poder de atracci\u00f3n. Somos nosotros los que lo desvirtuamos con nuestras incoherencias y contradicciones.<\/p>\n<p>El papa Francisco dice que, cuando un cristiano no vive una adhesi\u00f3n fuerte a Jes\u00fas, \u00abpronto pierde el entusiasmo y deja de estar seguro de lo que transmite, le falta fuerza y pasi\u00f3n. Y una persona que no est\u00e1 convencida, entusiasmada, segura, enamorada, no convence a nadie\u00bb.<\/p>\n<p>Evangelizar no es propagar una doctrina, sino hacer presente en medio de la sociedad y en el coraz\u00f3n de las personas la fuerza humanizadora y salvadora de Jes\u00fas. Y esto no se puede hacer de cualquier manera. Lo m\u00e1s decisivo no es el n\u00famero de predicadores, catequistas y ense\u00f1antes de religi\u00f3n, sino la calidad evang\u00e9lica que podamos irradiar los cristianos. \u00bfQu\u00e9 contagiamos? \u00bfIndiferencia o fe convencida? \u00bfMediocridad o pasi\u00f3n por una vida m\u00e1s humana?<\/p>\n<p>S\u00e9 que no participar\u00e9 de la cosecha, pero me empe\u00f1o en morir semilla.<br \/>\n(J.A. Pagola. Mt 13, 1-23)<br \/>\nEucarist\u00eda<\/p>\n<p>Canto de entrada:  Cristo Jes\u00fas, oh fuego que abrasa, que las tinieblas en m\u00ed no tengan voz. Cristo Jes\u00fas, disipa mis sombras. Y que en m\u00ed solo hable tu amor.<\/p>\n<p>Monici\u00f3n<\/p>\n<p>Se\u00f1or, venimos un a\u00f1o m\u00e1s a encontrarnos juntos contigo, trayendo en la mochila tantas vivencias, tantos nombres, tanta incertidumbre\u2026 Tenemos ante nosotros la p\u00e1gina en blanco del pr\u00f3ximo curso. Y necesitamos, para llenarla, no solo seguir los esquemas de siempre, sino tambi\u00e9n iluminar con nueva luz, y recobrar la pasi\u00f3n por lo que nos une: proclamar la buena noticia del Evangelio, anunciar el Reino que nos traes. Sabemos que rezando en comunidad es posible reconocerte y encontrarnos con tu gracia. Bend\u00edcenos y haznos descubrir la fuerza, la lucidez y la compasi\u00f3n que has sembrado en el coraz\u00f3n de todas las personas, para que podamos seguirte sin perdernos en todo aquello que nos aleja de Ti.<br \/>\nDomingo 24\u00ba del Tiempo Ordinario &#8211; Ciclo A.- 17 de septiembre de 2017<br \/>\nPreces<br \/>\nUn gramo de bondad pesar\u00e1 siempre m\u00e1s que un kilo de maldad: pues la bondad es inmortal y la maldad es perecedera por autodestructiva. Te pedimos Se\u00f1or que estemos atentos a apreciar y extender las semillas de bondad que hay en nuestro mundo.<\/p>\n<p>El perd\u00f3n es la m\u00e1s alta manifestaci\u00f3n del amor y est\u00e1 en conexi\u00f3n directa con el amor al enemigo. Entre los seres humanos es impensable un verdadero amor que no lleve impl\u00edcito el perd\u00f3n. Te pedimos Se\u00f1or que seamos capaces de reconocer nuestros fallos y pedir y aceptar el perd\u00f3n del otro.<\/p>\n<p>El perd\u00f3n tiene que ser, no un acto, sino una actitud que se mantiene durante toda la vida y ante cualquier ofensa. Te pedimos Se\u00f1or que estemos dispuestos a perdonar las ofensas e incomprensiones de los otros.<\/p>\n<p>No es f\u00e1cil perdonar, como no es f\u00e1cil amar. Va en contra de todos los instintos. Va en contra de lo razonable. Te pedimos Se\u00f1or que el perd\u00f3n no sea un acto de afirmaci\u00f3n de la propia superioridad moral, sino la apertura humilde a la experiencia de humanidad compartida.<\/p>\n<p>El pecado no es fruto nunca de una mala voluntad, sino de una ignorancia. Te pedimos Se\u00f1or que tengamos presente esta realidad para ser capaces de perdonar.<\/p>\n<p>Dios es amor y por lo tanto es tambi\u00e9n perd\u00f3n; est\u00e1 siempre perdonando. Te pedimos Se\u00f1or reconocer que la \u00fanica manera de estar seguros de que te hemos descubierto y aceptado, es que perdonamos.<\/p>\n<p>Canto de comuni\u00f3n:  Ubi caritas et amor. Ubi caritas Deus ibi est.  Donde hay caridad y amor, ah\u00ed est\u00e1 Dios.<br \/>\nAcci\u00f3n de Gracias<br \/>\nTe damos gracias, Se\u00f1or por los conmovedores testimonios de perd\u00f3n que hemos podido conocer estos d\u00edas.<\/p>\n<p>\u00abPastora Mira: Doy gracias a Dios  en nombre propio y en el de las miles de v\u00edctimas que se han sobrepuesto a tener la capacidad de nombrar lo innombrable y perdonar lo imperdonable\u00bb<\/p>\n<p>Te damos gracias, Se\u00f1or<\/p>\n<p>\u00abGracias Pastora por el gran bien nos haces hoy a todos con el testimonio de tu vida&#8230; Son muchos los que no pueden perdonar todav\u00eda, pero hoy recibimos una lecci\u00f3n de teolog\u00eda, de alta teolog\u00eda: Dios perdona en m\u00ed. Basta dejar que \u00c9l haga. La reconciliaci\u00f3n concreta con la verdad, la justicia y la misericordia s\u00f3lo la puede hacer \u00c9l. Que la haga. Y nosotros aprenderemos, detr\u00e1s de \u00c9l, a hacerla. Gracias por lo que hacen. Gracias. Y gracias por lo que me ense\u00f1aron esta noche. \u00bb<\/p>\n<p>Te damos gracias, Se\u00f1or<\/p>\n<p>Y en esa noche de nuestra vulgaridad, brillan como estrellas bien n\u00edtidas las palabras del padre de Xavi (muerto en el atentado del d\u00eda 17): \u00abnecesito abrazar a un musulm\u00e1n\u00bb, y el rostro lloroso del im\u00e1n que le abrazaba. Esas palabras junto a la foto del abrazo con el musulm\u00e1n que llora, rebosan tesoros de humanidad que necesitamos saborear. En esas reacciones, y s\u00f3lo en ellas, late nuestro mejor futuro.<\/p>\n<p>Te damos gracias, Se\u00f1or.<br \/>\nCanto: En ti, Se\u00f1or, reposa todo mi ser. He sido amado por ti. S\u00ed, solo en ti se alumbra la esperanza. En ti s\u00f3lo, Se\u00f1or.<br \/>\n&nbsp;<\/p>\n","protected":false},"excerpt":{"rendered":"<p>Celebramos la asamblea un a\u00f1o m\u00e1s en Rocafort. Programamos el curso y reflexionamos sobre las tareas que nos esperan: Profesionales Cristianos, Novaterra&#8230; Tambi\u00e9n elegimos el tema del seminario de formaci\u00f3n de este curso. Trataremos sobre la historia del arte y la transmisi\u00f3n de la fe: fe, arte y evangelizaci\u00f3n. C\u00f3mo explica el arte y su [&hellip;]<\/p>\n","protected":false},"author":1,"featured_media":0,"parent":0,"menu_order":0,"comment_status":"closed","ping_status":"closed","template":"","meta":{"footnotes":""},"class_list":["post-3881","page","type-page","status-publish","hentry"],"_links":{"self":[{"href":"http:\/\/www.graduats.org\/wordpress\/wp-json\/wp\/v2\/pages\/3881","targetHints":{"allow":["GET"]}}],"collection":[{"href":"http:\/\/www.graduats.org\/wordpress\/wp-json\/wp\/v2\/pages"}],"about":[{"href":"http:\/\/www.graduats.org\/wordpress\/wp-json\/wp\/v2\/types\/page"}],"author":[{"embeddable":true,"href":"http:\/\/www.graduats.org\/wordpress\/wp-json\/wp\/v2\/users\/1"}],"replies":[{"embeddable":true,"href":"http:\/\/www.graduats.org\/wordpress\/wp-json\/wp\/v2\/comments?post=3881"}],"version-history":[{"count":3,"href":"http:\/\/www.graduats.org\/wordpress\/wp-json\/wp\/v2\/pages\/3881\/revisions"}],"predecessor-version":[{"id":4692,"href":"http:\/\/www.graduats.org\/wordpress\/wp-json\/wp\/v2\/pages\/3881\/revisions\/4692"}],"wp:attachment":[{"href":"http:\/\/www.graduats.org\/wordpress\/wp-json\/wp\/v2\/media?parent=3881"}],"curies":[{"name":"wp","href":"https:\/\/api.w.org\/{rel}","templated":true}]}}

<p>Celebramos la asamblea un año más en Rocafort. Programamos el curso y reflexionamos sobre las tareas que nos esperan: Profesionales Cristianos, Novaterra&#8230; También elegimos el tema del seminario de formación de este curso. Trataremos sobre la historia del arte y la transmisión de la fe: fe, arte y evangelización. Cómo explica el arte y su simbología la fe cristiana, la doctrina de la iglesia; qué se acentúa en cada momento y cómo es la didáctica de la fe a través de los tiempos. Además de la finalidad propia de los seminarios, formarnos, queremos aproximarnos, desde el arte, a las formas que nos permitan evangelizar en la actualidad,  tratar de entender cómo el arte puede facilitar una experiencia de Dios.<br />
A continuación los textos de la oración, la motivación para la reflexión de comienzo de curso y la eucaristía.<br />
Canto: Spiritus Jesu Christi, Spiritus caritatis, confirmet cor tuum, confirmet cor tuum.</p>
<p>El Espíritu de Jesucristo, espíritu de amor, confirme tu corazón</p>
<p>Oración</p>
<p>Ser en la vida buena noticia,</p>
<p>ser gesto, palabra, imagen, silencio, canción.</p>
<p>Salir a la calle a diario, llegar hasta el último rincón.</p>
<p>Llevar sin tardar, para todos, bocados de aliento… de Dios.</p>
<p>Vivir de tal manera, que a algunos despierte curiosidad</p>
<p>nuestro vivir con menos, con otros, con riesgo, con gratuidad.</p>
<p>Dejar que los otros, los pobres, coman de nuestro tiempo,</p>
<p>hasta encontrar en ellos, nosotros, la extraviada identidad.</p>
<p>Y siempre, siempre, siempre, buscar el sitio entre la gente.</p>
<p>Pues toda ella es, sin dudarlo, la buena noticia de Dios.</p>
<p>Posar sus miedos, alzar sus sueños, andar sus pasos intermitentes,</p>
<p>hasta lograr que todos destapen el gran tesoro que son por dentro.</p>
<p>Padre Nuestro…<br />
Reunión por equipos&nbsp;<br />
SEMBRAR</p>
<p>Al terminar el relato de la parábola del sembrador, Jesús hace esta llamada: «El que tenga oídos para oír que oiga». Se nos pide que prestemos mucha atención a la parábola. Pero, ¿en qué hemos de reflexionar? ¿En el sembrador? ¿En la semilla? ¿En los diferentes terrenos?</p>
<p>Tradicionalmente, los cristianos nos hemos fijado casi exclusivamente en los terrenos en que cae la semilla, para revisar cuál es nuestra actitud al escuchar el Evangelio. Sin embargo es importante prestar también atención al sembrador y a su modo de sembrar.</p>
<p>Es lo primero que dice el relato: «Salió el sembrador a sembrar». Lo hace con una confianza sorprendente. Siembra de manera abundante. La semilla cae y cae por todas partes, incluso donde parece difícil que pueda germinar. Así lo hacían los campesinos de Galilea, que sembraban incluso al borde de los caminos y en terrenos pedregosos.</p>
<p>A la gente no le es difícil identificar al sembrador. Así siembra Jesús su mensaje. Lo ven salir todas las mañanas a anunciar la Buena Noticia de Dios. Siembra su Palabra entre la gente sencilla, que lo acoge, y también entre los escribas y fariseos, que lo rechazan. Nunca se desalienta. Su siembra no será estéril.</p>
<p>Desbordados por una fuerte crisis religiosa, podemos pensar que el Evangelio ha perdido su fuerza original y que el mensaje de Jesús ya no tiene garra para atraer la atención del hombre o la mujer de hoy. Ciertamente, no es el momento de «cosechar» éxitos llamativos, sino de aprender a sembrar sin desalentarnos, con más humildad y verdad.</p>
<p>No es el Evangelio el que ha perdido fuerza humanizadora; somos nosotros los que lo estamos anunciando con una fe débil y vacilante. No es Jesús el que ha perdido poder de atracción. Somos nosotros los que lo desvirtuamos con nuestras incoherencias y contradicciones.</p>
<p>El papa Francisco dice que, cuando un cristiano no vive una adhesión fuerte a Jesús, «pronto pierde el entusiasmo y deja de estar seguro de lo que transmite, le falta fuerza y pasión. Y una persona que no está convencida, entusiasmada, segura, enamorada, no convence a nadie».</p>
<p>Evangelizar no es propagar una doctrina, sino hacer presente en medio de la sociedad y en el corazón de las personas la fuerza humanizadora y salvadora de Jesús. Y esto no se puede hacer de cualquier manera. Lo más decisivo no es el número de predicadores, catequistas y enseñantes de religión, sino la calidad evangélica que podamos irradiar los cristianos. ¿Qué contagiamos? ¿Indiferencia o fe convencida? ¿Mediocridad o pasión por una vida más humana?</p>
<p>Sé que no participaré de la cosecha, pero me empeño en morir semilla.<br />
(J.A. Pagola. Mt 13, 1-23)<br />
Eucaristía</p>
<p>Canto de entrada:  Cristo Jesús, oh fuego que abrasa, que las tinieblas en mí no tengan voz. Cristo Jesús, disipa mis sombras. Y que en mí solo hable tu amor.</p>
<p>Monición</p>
<p>Señor, venimos un año más a encontrarnos juntos contigo, trayendo en la mochila tantas vivencias, tantos nombres, tanta incertidumbre… Tenemos ante nosotros la página en blanco del próximo curso. Y necesitamos, para llenarla, no solo seguir los esquemas de siempre, sino también iluminar con nueva luz, y recobrar la pasión por lo que nos une: proclamar la buena noticia del Evangelio, anunciar el Reino que nos traes. Sabemos que rezando en comunidad es posible reconocerte y encontrarnos con tu gracia. Bendícenos y haznos descubrir la fuerza, la lucidez y la compasión que has sembrado en el corazón de todas las personas, para que podamos seguirte sin perdernos en todo aquello que nos aleja de Ti.<br />
Domingo 24º del Tiempo Ordinario &#8211; Ciclo A.- 17 de septiembre de 2017<br />
Preces<br />
Un gramo de bondad pesará siempre más que un kilo de maldad: pues la bondad es inmortal y la maldad es perecedera por autodestructiva. Te pedimos Señor que estemos atentos a apreciar y extender las semillas de bondad que hay en nuestro mundo.</p>
<p>El perdón es la más alta manifestación del amor y está en conexión directa con el amor al enemigo. Entre los seres humanos es impensable un verdadero amor que no lleve implícito el perdón. Te pedimos Señor que seamos capaces de reconocer nuestros fallos y pedir y aceptar el perdón del otro.</p>
<p>El perdón tiene que ser, no un acto, sino una actitud que se mantiene durante toda la vida y ante cualquier ofensa. Te pedimos Señor que estemos dispuestos a perdonar las ofensas e incomprensiones de los otros.</p>
<p>No es fácil perdonar, como no es fácil amar. Va en contra de todos los instintos. Va en contra de lo razonable. Te pedimos Señor que el perdón no sea un acto de afirmación de la propia superioridad moral, sino la apertura humilde a la experiencia de humanidad compartida.</p>
<p>El pecado no es fruto nunca de una mala voluntad, sino de una ignorancia. Te pedimos Señor que tengamos presente esta realidad para ser capaces de perdonar.</p>
<p>Dios es amor y por lo tanto es también perdón; está siempre perdonando. Te pedimos Señor reconocer que la única manera de estar seguros de que te hemos descubierto y aceptado, es que perdonamos.</p>
<p>Canto de comunión:  Ubi caritas et amor. Ubi caritas Deus ibi est.  Donde hay caridad y amor, ahí está Dios.<br />
Acción de Gracias<br />
Te damos gracias, Señor por los conmovedores testimonios de perdón que hemos podido conocer estos días.</p>
<p>«Pastora Mira: Doy gracias a Dios  en nombre propio y en el de las miles de víctimas que se han sobrepuesto a tener la capacidad de nombrar lo innombrable y perdonar lo imperdonable»</p>
<p>Te damos gracias, Señor</p>
<p>«Gracias Pastora por el gran bien nos haces hoy a todos con el testimonio de tu vida&#8230; Son muchos los que no pueden perdonar todavía, pero hoy recibimos una lección de teología, de alta teología: Dios perdona en mí. Basta dejar que Él haga. La reconciliación concreta con la verdad, la justicia y la misericordia sólo la puede hacer Él. Que la haga. Y nosotros aprenderemos, detrás de Él, a hacerla. Gracias por lo que hacen. Gracias. Y gracias por lo que me enseñaron esta noche. »</p>
<p>Te damos gracias, Señor</p>
<p>Y en esa noche de nuestra vulgaridad, brillan como estrellas bien nítidas las palabras del padre de Xavi (muerto en el atentado del día 17): «necesito abrazar a un musulmán», y el rostro lloroso del imán que le abrazaba. Esas palabras junto a la foto del abrazo con el musulmán que llora, rebosan tesoros de humanidad que necesitamos saborear. En esas reacciones, y sólo en ellas, late nuestro mejor futuro.</p>
<p>Te damos gracias, Señor.<br />
Canto: En ti, Señor, reposa todo mi ser. He sido amado por ti. Sí, solo en ti se alumbra la esperanza. En ti sólo, Señor.<br />
&nbsp;</p>

<p>Celebramos la asamblea un año más en Rocafort. Programamos el curso y reflexionamos sobre las tareas que nos esperan: Profesionales Cristianos, Novaterra&#8230; También elegimos el tema del seminario de formación de este curso. Trataremos sobre la historia del arte y la transmisión de la fe: fe, arte y evangelización. Cómo explica el arte y su [&hellip;]</p>
