{"id":59,"date":"2011-03-14T17:31:39","date_gmt":"2011-03-14T16:31:39","guid":{"rendered":"http:\/\/graduats.wordpress.com\/?page_id=59"},"modified":"2019-10-20T08:08:47","modified_gmt":"2019-10-20T06:08:47","slug":"2002-2003","status":"publish","type":"page","link":"http:\/\/www.graduats.org\/wordpress\/otros-cursos-2\/2002-2003\/","title":{"rendered":"curso 2002-2003"},"content":{"rendered":"<p>Otro mundo es posible.<br \/>\n<a href=\"http:\/\/www.graduats.org\/curso2002-2003\/seminario2003\/pla.htm\" rel=\"self\">Introducci\u00f3n. Las razones de un nuevo mundo. Daniel Pla<\/a>. S\u00e1bado 9 de noviembre de 2002.<br \/>\n<a href=\"http:\/\/www.graduats.org\/curso2002-2003\/seminario2003\/sesion2.htm\" rel=\"self\">Pobreza y exclusi\u00f3n social. Desarrollo humano. Mar\u00eda J. A\u00f1\u00f3n.<\/a> S\u00e1bado 11 de enero de 2003.<br \/>\n<a href=\"http:\/\/www.graduats.org\/curso2002-2003\/seminario2003\/sesion3.htm\" rel=\"self\">Los desaf\u00edos de la bio\u00e9tica. Luis Llorens.<\/a> S\u00e1bado 22 de febrero de 2003.<br \/>\n<a href=\"http:\/\/www.graduats.org\/curso2002-2003\/seminario2003\/sesion4.htm\" rel=\"self\">El binomio libertad-seguridad. \u00c1ngel P\u00e9ris.<\/a> S\u00e1bado 24 de mayo de 2003.<br \/>\nOtras actividades<br \/>\n<a href=\"http:\/\/www.graduats.org\/curso2002-2003\/asamblea\/sept02\/indice.htm\" rel=\"self\">Asamblea de principio de curso 14 de setiembre.-<\/a><br \/>\n<a href=\"http:\/\/www.graduats.org\/curso2002-2003\/nadal.htm\" rel=\"self\">Retiro de Navidad<\/a> <a href=\"http:\/\/www.graduats.org\/curso2002-2003\/nadal.htm\" rel=\"self\">22 de diciembre<\/a><a href=\"http:\/\/www.graduats.org\/curso2002-2003\/curso2003\/nadal.htm\">.<\/a>&#8211;<br \/>\n<a href=\"http:\/\/www.graduats.org\/curso2002-2003\/findecurso2003_archivos\/viver.jpg\" rel=\"self\">Ejercicios\u00a022 y 23 de marzo. Rafael Sanus.- <\/a><br \/>\n<a href=\"http:\/\/www.graduats.org\/curso2002-2003\/findecurso2003.htm\" rel=\"self\">Asamblea fin de curso 22 de Junio<\/a><\/p>\n","protected":false},"excerpt":{"rendered":"<p>Otro mundo es posible. Introducci\u00f3n. Las razones de un nuevo mundo. Daniel Pla. S\u00e1bado 9 de noviembre de 2002. Pobreza y exclusi\u00f3n social. Desarrollo humano. Mar\u00eda J. A\u00f1\u00f3n. S\u00e1bado 11 de enero de 2003. Los desaf\u00edos de la bio\u00e9tica. Luis Llorens. S\u00e1bado 22 de febrero de 2003. El binomio libertad-seguridad. \u00c1ngel P\u00e9ris. S\u00e1bado 24 de [&hellip;]<\/p>\n","protected":false},"author":2,"featured_media":0,"parent":537,"menu_order":2,"comment_status":"closed","ping_status":"closed","template":"","meta":{"footnotes":""},"class_list":["post-59","page","type-page","status-publish","hentry"],"_links":{"self":[{"href":"http:\/\/www.graduats.org\/wordpress\/wp-json\/wp\/v2\/pages\/59","targetHints":{"allow":["GET"]}}],"collection":[{"href":"http:\/\/www.graduats.org\/wordpress\/wp-json\/wp\/v2\/pages"}],"about":[{"href":"http:\/\/www.graduats.org\/wordpress\/wp-json\/wp\/v2\/types\/page"}],"author":[{"embeddable":true,"href":"http:\/\/www.graduats.org\/wordpress\/wp-json\/wp\/v2\/users\/2"}],"replies":[{"embeddable":true,"href":"http:\/\/www.graduats.org\/wordpress\/wp-json\/wp\/v2\/comments?post=59"}],"version-history":[{"count":2,"href":"http:\/\/www.graduats.org\/wordpress\/wp-json\/wp\/v2\/pages\/59\/revisions"}],"predecessor-version":[{"id":4502,"href":"http:\/\/www.graduats.org\/wordpress\/wp-json\/wp\/v2\/pages\/59\/revisions\/4502"}],"up":[{"embeddable":true,"href":"http:\/\/www.graduats.org\/wordpress\/wp-json\/wp\/v2\/pages\/537"}],"wp:attachment":[{"href":"http:\/\/www.graduats.org\/wordpress\/wp-json\/wp\/v2\/media?parent=59"}],"curies":[{"name":"wp","href":"https:\/\/api.w.org\/{rel}","templated":true}]}}