{"id":6171,"date":"2021-10-24T11:53:29","date_gmt":"2021-10-24T09:53:29","guid":{"rendered":"http:\/\/www.graduats.org\/wordpress\/?page_id=6171"},"modified":"2022-02-07T07:37:45","modified_gmt":"2022-02-07T06:37:45","slug":"sinodo-2021-2023","status":"publish","type":"page","link":"http:\/\/www.graduats.org\/wordpress\/sinodo-2021-2023\/","title":{"rendered":"S\u00ednodo 2021-2023"},"content":{"rendered":"\n<h3 class=\"has-medium-font-size wp-block-heading\" id=\"primera-sesion-del-seminario-de-formacion\">\u2014 Primera sesi\u00f3n del\u00a0<a rel=\"noreferrer noopener\" href=\"http:\/\/www.graduats.org\/wordpress\/programacion-para-el-curso-2021-2022\/\" target=\"_blank\">Seminario de Formaci\u00f3n<\/a>\u00a0<br \/>Impartida por Javier Salinas, obispo auxiliar de Valencia, el s\u00e1bado 6 de noviembre. Nos introducir\u00e1 en el sentido y significado de la sinodalidad. Es conveniente acudir a la sesi\u00f3n con el\u00a0<em><a rel=\"noreferrer noopener\" href=\"http:\/\/www.graduats.org\/wordpress\/wp-content\/uploads\/2021\/10\/Documento-preparatorio-de-la-XVI-Asamblea-General-Ordinaria-del-Sinodo-de-los-Obispos.pdf\" target=\"_blank\">Documento preparatorio<\/a><\/em> le\u00eddo.\u00a0<br \/><br \/>\u2014 Segunda sesi\u00f3n<br \/><a href=\"http:\/\/www.graduats.org\/wordpress\/?page_id=6248\" data-type=\"page\" data-id=\"6248\">Dialogar en la iglesia y en la sociedad. 29 de enero de 2022. \u00c1ngel Peris.<\/a><\/h3>\n\n\n\n<p class=\"has-text-align-center has-vivid-red-color has-text-color\"><br \/>  \u2014\u2014\u2014\u2014\u2014\u2014\u2014\u2014\u2014\u2014\u2014\u2014\u2014\u2014\u2014\u2014\u2014<\/p>\n\n\n\n<div class=\"wp-block-media-text alignwide is-stacked-on-mobile\"><figure class=\"wp-block-media-text__media\"><img decoding=\"async\" src=\"https:\/\/mcusercontent.com\/e0fbbeecffe9831bf1ef67a4a\/images\/8e1759a0-ca0b-df90-5bf3-2d8a81ae34de.png\" alt=\"\"\/><\/figure><div class=\"wp-block-media-text__content\">\n<h3 class=\"wp-block-heading\" id=\"herramientas-para-facilitar-la-consulta-sinodal\"><a href=\"https:\/\/mailchi.mp\/synod\/newsletter6_es?e=a6e9294596\" target=\"_blank\" rel=\"noreferrer noopener\">Herramientas para facilitar la consulta sinodal<\/a><\/h3>\n\n\n\n<p>#newsletter n.6 &#8211; 10\/2021<\/p>\n\n\n\n<p>Herramientas y materiales ofrecidos por distintas di\u00f3cesis. De inter\u00e9s son los materiales preparados por la di\u00f3cesis de Palencia: <br \/><a href=\"https:\/\/www.synod.va\/content\/dam\/synod\/document\/common\/resources\/external_tools\/palencia\/MATERIAL_ANIMADORES_SECRETARIOS.pdf\">Documento para animadores<\/a>,&nbsp;<br \/><a href=\"https:\/\/www.synod.va\/content\/dam\/synod\/document\/common\/resources\/external_tools\/palencia\/GUIA_participante_ADULTOS.pdf\">Gu\u00eda para el participante adulto<\/a>,&nbsp;<br \/><a href=\"https:\/\/www.synod.va\/content\/dam\/synod\/document\/common\/resources\/external_tools\/palencia\/GUIA_participante_JOVENES.pdf\">Gu\u00eda de trabajo con j\u00f3venes<\/a>,&nbsp;<br \/><a href=\"https:\/\/www.synod.va\/content\/dam\/synod\/document\/common\/resources\/external_tools\/palencia\/GUIA_participante_INFANCIA.pdf\">Gu\u00eda de trabajo con ni\u00f1os y ni\u00f1as<\/a>,&nbsp;<br \/><a href=\"https:\/\/www.synod.va\/content\/dam\/synod\/document\/common\/resources\/external_tools\/palencia\/GUIA_participante_PERSONAS_COLECTIVOS_SOCIALES.pdf\">Gu\u00eda de trabajo con personas, grupos y\/o colectivos sociales.<\/a><\/p>\n<\/div><\/div>\n\n\n\n<p class=\"has-text-align-center has-vivid-red-color has-text-color\">\u2014\u2014\u2014\u2014\u2014\u2014\u2014\u2014\u2014\u2014\u2014\u2014\u2014\u2014\u2014\u2014\u2014<\/p>\n\n\n\n<div class=\"wp-block-media-text alignwide is-stacked-on-mobile\"><figure class=\"wp-block-media-text__media\"><img loading=\"lazy\" decoding=\"async\" width=\"600\" height=\"233\" src=\"http:\/\/www.graduats.org\/wordpress\/wp-content\/uploads\/2021\/10\/image.jpeg\" alt=\"\" class=\"wp-image-6202 size-full\" srcset=\"http:\/\/www.graduats.org\/wordpress\/wp-content\/uploads\/2021\/10\/image.jpeg 600w, http:\/\/www.graduats.org\/wordpress\/wp-content\/uploads\/2021\/10\/image-300x117.jpeg 300w\" sizes=\"auto, (max-width: 600px) 100vw, 600px\" \/><\/figure><div class=\"wp-block-media-text__content\">\n<p class=\"has-black-color has-text-color has-medium-font-size\"><em><strong>Comunicado de la Secretar\u00eda General del S\u00ednodo de los Obispos<\/strong><\/em>.<\/p>\n\n\n\n<h3 class=\"wp-block-heading\" id=\"ampliacion-del-plazo-para-la-primera-fase-del-proceso-sinodal\"><strong>Ampliaci\u00f3n del plazo para la primera fase del proceso sinodal<\/strong><\/h3>\n<\/div><\/div>\n\n\n\n<p><strong><em>Vaticano, 29 de octubre 2021<\/em><\/strong><br \/><br \/>Las numerosas comunicaciones que hemos recibido en estas primeras semanas del proceso sinodal por parte de las Conferencias Episcopales, de las di\u00f3cesis y de las eparqu\u00edas son una verdadera confirmaci\u00f3n alentadora de quienes en la Iglesia est\u00e1n comprometidos con la celebraci\u00f3n de la primera fase del proceso sinodal \u2014 que tiene como tema&nbsp;<em>Por una Iglesia sinodal: comuni\u00f3n, participaci\u00f3n y misi\u00f3n \u2014<\/em>&nbsp;constituida por la consulta al Pueblo de Dios. Por todo ello estamos realmente agradecidos.<br \/><br \/>Durante este per\u00edodo, hemos escuchado, una y otra vez y desde diversas instancias, la petici\u00f3n de prolongar la duraci\u00f3n de la primera fase del proceso sinodal para dar una mayor oportunidad al pueblo de Dios de tener una aut\u00e9ntica experiencia de escucha y di\u00e1logo.<br \/><br \/>Consciente de que una Iglesia sinodal es una Iglesia que escucha, considerando que esta primera fase es esencial para este camino sinodal y evaluando estas peticiones, buscando siempre el bien de la Iglesia, el Consejo Ordinario del S\u00ednodo de los Obispos ha decidido ampliar hasta&nbsp;<strong>el 15 de agosto de 2022&nbsp;<\/strong>el plazo para la presentaci\u00f3n de los res\u00famenes de las consultas por parte de las Conferencias Episcopales, las Iglesias Orientales Cat\u00f3licas&nbsp;<em>sui iuris<\/em>&nbsp;y los dem\u00e1s organismos eclesiales.<\/p>\n\n\n\n<p class=\"has-text-align-center has-vivid-red-color has-text-color\"><br \/>  \u2014\u2014\u2014\u2014\u2014\u2014\u2014\u2014\u2014\u2014\u2014\u2014\u2014\u2014\u2014\u2014\u2014<\/p>\n\n\n\n<h3 class=\"wp-block-heading\" id=\"hoja-de-ruta-para-la-fase-diocesana\"><a href=\"https:\/\/www.synod.va\/es\/Hoja-de-ruta-para-la-fase-diocesana.html\" target=\"_blank\" rel=\"noreferrer noopener\">\u2014&nbsp;Hoja de ruta para la fase diocesana.<\/a><\/h3>\n\n\n\n<p class=\"has-text-align-left has-black-color has-text-color\">Esta secci\u00f3n ofrece recursos para quienes organicen la consulta en la di\u00f3cesis para la Primera Fase del S\u00ednodo 2021-2023: parroquias, movimientos, comunidades de fe&#8230; Aqu\u00ed encontrar\u00e1n sugerencias de m\u00e9todos para realizar las consultas, preguntas de reflexi\u00f3n para los participantes, plantillas y otros enlaces \u00fatiles.<\/p>\n\n\n\n<p class=\"has-text-align-center has-vivid-red-color has-text-color\">  \u2014\u2014\u2014\u2014\u2014\u2014\u2014\u2014\u2014\u2014\u2014\u2014\u2014\u2014\u2014\u2014\u2014<\/p>\n\n\n\n<h3 class=\"wp-block-heading\" id=\"un-coloquio-relevante\">\u2014 Un <a href=\"https:\/\/youtu.be\/yKWN-OHrzOs\" target=\"_blank\" rel=\"noreferrer noopener\">coloquio<\/a> relevante<\/h3>\n\n\n\n<p>Despu\u00e9s de escuchar este coloquio (<a href=\"https:\/\/youtu.be\/yKWN-OHrzOs\">https:\/\/youtu.be\/yKWN-OHrzOs<\/a>), me he animado a proponer que lo comparti\u00e9ramos entre todos. Me ha parecido muy sugerente y me ha hecho recordar algo que no es nuevo y que repetimos cada a\u00f1o: un seminario no tiene sentido si todos y cada uno no lo prepara antes. Este s\u00ednodo nos llama a cambiar muchas cosas&#8230; En nuestro caso, quiz\u00e1s una de ellas es que empecemos acudiendo al seminario, no solo a que nos cuenten, sino tambi\u00e9n a que se nos escuche: dudas y tambi\u00e9n experiencias\u2026 Se nos llama a un cambio de actitud, que nuestro sentido de pertenencia a la Iglesia se impregne de responsabilidad y empe\u00f1o.<br \/><em>\u00abHan venido por muchos caminos y de muchas Iglesias, llevando cada uno en el coraz\u00f3n preguntas y esperanzas, y estoy seguro de que el Esp\u00edritu nos guiar\u00e1 y nos dar\u00e1 la gracia para seguir adelante juntos, para escucharnos rec\u00edprocamente y para comenzar un discernimiento de nuestro tiempo, siendo solidarios con las fatigas y los deseos de la humanidad.\u00bb<\/em><br \/>\u00c1nimo.<br \/>Julia&nbsp;<\/p>\n\n\n\n<p class=\"has-text-align-center has-vivid-red-color has-text-color\">  \u2014\u2014\u2014\u2014\u2014\u2014\u2014\u2014\u2014\u2014\u2014\u2014\u2014\u2014\u2014\u2014\u2014<\/p>\n\n\n\n<p><br \/><\/p>\n\n\n\n<div class=\"wp-block-media-text alignwide is-stacked-on-mobile\"><figure class=\"wp-block-media-text__media\"><img loading=\"lazy\" decoding=\"async\" width=\"428\" height=\"560\" src=\"http:\/\/www.graduats.org\/wordpress\/wp-content\/uploads\/2021\/10\/Captura-de-Jorge-2021-10-09-a-las-7.23.46-a.-m..png\" alt=\"\" class=\"wp-image-6092 size-full\" srcset=\"http:\/\/www.graduats.org\/wordpress\/wp-content\/uploads\/2021\/10\/Captura-de-Jorge-2021-10-09-a-las-7.23.46-a.-m..png 428w, http:\/\/www.graduats.org\/wordpress\/wp-content\/uploads\/2021\/10\/Captura-de-Jorge-2021-10-09-a-las-7.23.46-a.-m.-229x300.png 229w\" sizes=\"auto, (max-width: 428px) 100vw, 428px\" \/><\/figure><div class=\"wp-block-media-text__content\">\n<h3 class=\"wp-block-heading\" id=\"discurso-del-papa-francisco-en-la-apertura-del-proceso-sinodal-por-una-iglesia-sinodal-comunion-participacion-y-mision\">\u2014 Discurso del Papa Francisco en la apertura del proceso sinodal:&nbsp;<a rel=\"noreferrer noopener\" href=\"https:\/\/www.aciprensa.com\/noticias\/discurso-del-papa-francisco-en-la-apertura-del-proceso-sinodal-sobre-la-sinodalidad-86676\" target=\"_blank\">\u201cPor una Iglesia Sinodal: comuni\u00f3n, participaci\u00f3n y misi\u00f3n\u201d.<\/a><\/h3>\n\n\n\n<h3 class=\"wp-block-heading\" id=\"primeras-publicaciones-documento-preparatorio-y-vademecum\"><br \/>\u2014 Primeras publicaciones:&nbsp;<em><a rel=\"noreferrer noopener\" href=\"http:\/\/www.graduats.org\/wordpress\/wp-content\/uploads\/2021\/10\/Documento-preparatorio-de-la-XVI-Asamblea-General-Ordinaria-del-Sinodo-de-los-Obispos.pdf\" target=\"_blank\">Documento preparatorio<\/a><\/em>&nbsp;y&nbsp;<em><a rel=\"noreferrer noopener\" href=\"https:\/\/www.synod.va\/content\/dam\/synod\/document\/common\/vademecum\/Vademecum-ES-A4-compl.pdf\" target=\"_blank\">Vademecum<\/a><\/em>.&nbsp;<\/h3>\n<\/div><\/div>\n","protected":false},"excerpt":{"rendered":"<p>\u2014 Primera sesi\u00f3n del\u00a0Seminario de Formaci\u00f3n\u00a0Impartida por Javier Salinas, obispo auxiliar de Valencia, el s\u00e1bado 6 de noviembre. Nos introducir\u00e1 en el sentido y significado de la sinodalidad. Es conveniente acudir a la sesi\u00f3n con el\u00a0Documento preparatorio le\u00eddo.\u00a0 \u2014 Segunda sesi\u00f3nDialogar en la iglesia y en la sociedad. 29 de enero de 2022. \u00c1ngel Peris. [&hellip;]<\/p>\n","protected":false},"author":1,"featured_media":6168,"parent":0,"menu_order":0,"comment_status":"closed","ping_status":"closed","template":"page-template-fullwidth.php","meta":{"footnotes":""},"class_list":["post-6171","page","type-page","status-publish","has-post-thumbnail","hentry"],"_links":{"self":[{"href":"http:\/\/www.graduats.org\/wordpress\/wp-json\/wp\/v2\/pages\/6171","targetHints":{"allow":["GET"]}}],"collection":[{"href":"http:\/\/www.graduats.org\/wordpress\/wp-json\/wp\/v2\/pages"}],"about":[{"href":"http:\/\/www.graduats.org\/wordpress\/wp-json\/wp\/v2\/types\/page"}],"author":[{"embeddable":true,"href":"http:\/\/www.graduats.org\/wordpress\/wp-json\/wp\/v2\/users\/1"}],"replies":[{"embeddable":true,"href":"http:\/\/www.graduats.org\/wordpress\/wp-json\/wp\/v2\/comments?post=6171"}],"version-history":[{"count":35,"href":"http:\/\/www.graduats.org\/wordpress\/wp-json\/wp\/v2\/pages\/6171\/revisions"}],"predecessor-version":[{"id":6253,"href":"http:\/\/www.graduats.org\/wordpress\/wp-json\/wp\/v2\/pages\/6171\/revisions\/6253"}],"wp:featuredmedia":[{"embeddable":true,"href":"http:\/\/www.graduats.org\/wordpress\/wp-json\/wp\/v2\/media\/6168"}],"wp:attachment":[{"href":"http:\/\/www.graduats.org\/wordpress\/wp-json\/wp\/v2\/media?parent=6171"}],"curies":[{"name":"wp","href":"https:\/\/api.w.org\/{rel}","templated":true}]}}