{"id":6431,"date":"2022-11-03T07:08:14","date_gmt":"2022-11-03T06:08:14","guid":{"rendered":"http:\/\/www.graduats.org\/wordpress\/?page_id=6431"},"modified":"2023-04-18T04:57:32","modified_gmt":"2023-04-18T02:57:32","slug":"seminario-de-formacion","status":"publish","type":"page","link":"http:\/\/www.graduats.org\/wordpress\/curso-2022-2023\/seminario-de-formacion\/","title":{"rendered":"Seminario de formaci\u00f3n"},"content":{"rendered":"\n<p><strong>Seminario de formaci\u00f3n: J\u00d3VENES Y CRISTIANISMO<\/strong><\/p>\n\n\n\n<p>SESIONES<br \/>1.-\u00a0\u00a0<em>Los j\u00f3venes y lo religioso en el mundo de hoy<\/em><br \/>Blanca Gallego\u00a0y Federico G\u00f3mez<br \/>S\u00e1bado 3 de diciembre 2022<br \/>2.-\u00a0<em>Nuevas formas de religiosidad juvenil<\/em><br \/>Virgilio Gonz\u00e1lez P\u00e9rez, Delegado de pastoral de juventud<br \/>S\u00e1bado 11 de febrero 2023<br \/>3.\u00a0<em>Transmisi\u00f3n de la fe<\/em><br \/>Juan Jos\u00e9 Garrido y \u00c1ngel P\u00e9ris<br \/>S\u00e1bado 22 de abril 2023<br \/>4.-\u00a0<em>Propuestas para la evangelizaci\u00f3n de los j\u00f3venes<\/em><br \/>S\u00e1bado 27 de mayo 2023<br \/>Julia Navarro y Mar\u00eda Victoria Vergara<\/p>\n\n\n\n<p><strong>Bibliograf\u00eda<\/strong><br \/>\u2014 Juan Jos\u00e9 Garrido,&nbsp;<a href=\"http:\/\/www.graduats.org\/wordpress\/wp-content\/uploads\/2022\/10\/Juan-Jose-Garrido-La-transmision-de-la-fe-en-nuestro-contexto-socio-cultural.pdf\">\u00abLa transmisi\u00f3n de la fe en nuestro entorno socio-cultural\u00bb<\/a>,&nbsp;<em>En torno a Dios, la fe, la Iglesia y el hombre. Ensayos y&nbsp;<\/em>conferencias., Valencia, 2021, 49-70.<br \/>\u2014 Jos\u00e9 Mar\u00eda Mardones,&nbsp;<a href=\"http:\/\/www.graduats.org\/wordpress\/wp-content\/uploads\/2022\/10\/La-indiferencia-religiosa-en-Espana-J.M.-Mardones.pdf\">\u00abUna juventud no religiosa\u00bb<\/a>,&nbsp;<em>La indiferencia religiosa en Espa\u00f1a \u00bfQu\u00e9 futuro tiene el cristianismo?<\/em>, Madrid, 2003. 31-49.<br \/><em>\u2014&nbsp;<\/em>Javier Elzo,&nbsp;<a href=\"https:\/\/iviva.org\/revistas\/258\/258-11-ELZO.pdf\">\u00abLa juventud actual y la crisis. \u00bfUna generaci\u00f3n perdida?\u00bb,<\/a>&nbsp;<em>Iglesia Viva<\/em>, 258 (2014), 11-28<br \/><em>\u2014&nbsp;<\/em>Javier Elzo,&nbsp;<a href=\"http:\/\/www.graduats.org\/wordpress\/wp-content\/uploads\/2022\/10\/%C2%BFTiene-futuro-el-cristianismo-en-Espana-J.-Elzo.pdf\">\u00abLos j\u00f3venes y lo religioso ante las incertidumbres del mundo de hoy\u00bb<\/a><em>,<\/em>&nbsp;<em>\u00bfTiene futuro el cristianismo en Espa\u00f1a? De la era de la cristiandad a la era postsecular,<\/em>&nbsp;Madrid, 2020, 95-128<br \/>\u2014 Neus Forcano,&nbsp;<a href=\"http:\/\/www.apple.com\/es\">\u00abJ\u00f3venes y religi\u00f3n: apuesta por una espiritualidad creativa y compasiva\u00bb<\/a>,&nbsp;<em>Iglesia Viva<\/em>, 258 (2014), 53-68<br \/>\u2014 Papa Francisco,<em><a href=\"https:\/\/www.vatican.va\/content\/francesco\/es\/apost_exhortations\/documents\/papa-francesco_esortazione-ap_20190325_christus-vivit.html\">&nbsp;Chistus vivit, Exhortaci\u00f3n apost\u00f3lica postsinodal a los j\u00f3venes y a todo el pueblo de Dios<\/a>.<\/em>Loreto, marzo de 2019.<br \/>\u2014 Estela Aguirre y otros.&nbsp;<em><a href=\"https:\/\/oji.fundacion-sm.org\/protagonistas-y-espectadores-i\/\">Protagonistas y espectadores (I). Una mirada longitudinal sobre la juventud espa\u00f1ola.<\/a>&nbsp;Un an\u00e1lisis sobre c\u00f3mo la investigaci\u00f3n emp\u00edrica ha recogido los cambios experimentados por la juventud espa\u00f1ola desde 1980.&nbsp;<\/em>Observatorio de la Juventud. Fundaci\u00f3n SM. &nbsp;Octubre 2019.<br \/>\u2014 Ignacio Meg\u00edas Quir\u00f3s,&nbsp;<em><a href=\"https:\/\/oji.fundacion-sm.org\/protagonistas-y-espectadores-ii\/\">Protagonistas y espectadores (II). Los discursos de los j\u00f3venes espa\u00f1oles.<\/a>&nbsp;Una investigaci\u00f3n sobre las actitudes, valores, expectativas y modos de vida de la juventud espa\u00f1ola partir de sus propios discursos<\/em>. Observatorio de la Juventud. Fundaci\u00f3n SM. &nbsp;Octubre 2019.<\/p>\n\n\n\n<p>\u2190&nbsp;<a href=\"http:\/\/www.graduats.org\/wordpress\/asamblea-de-comienzo-de-curso-4\/\">Asamblea de comienzo de curso<\/a><\/p>\n\n\n\n<p><a rel=\"noreferrer noopener\" href=\"http:\/\/www.graduats.org\/wordpress\/sinodo-2021-2023\/\" target=\"_blank\"><\/a><\/p>\n\n\n\n<p><br \/><\/p>\n","protected":false},"excerpt":{"rendered":"<p>Seminario de formaci\u00f3n: J\u00d3VENES Y CRISTIANISMO SESIONES1.-\u00a0\u00a0Los j\u00f3venes y lo religioso en el mundo de hoyBlanca Gallego\u00a0y Federico G\u00f3mezS\u00e1bado 3 de diciembre 20222.-\u00a0Nuevas formas de religiosidad juvenilVirgilio Gonz\u00e1lez P\u00e9rez, Delegado de pastoral de juventudS\u00e1bado 11 de febrero 20233.\u00a0Transmisi\u00f3n de la feJuan Jos\u00e9 Garrido y \u00c1ngel P\u00e9risS\u00e1bado 22 de abril 20234.-\u00a0Propuestas para la evangelizaci\u00f3n de los [&hellip;]<\/p>\n","protected":false},"author":1,"featured_media":0,"parent":6427,"menu_order":0,"comment_status":"closed","ping_status":"closed","template":"","meta":{"footnotes":""},"class_list":["post-6431","page","type-page","status-publish","hentry"],"_links":{"self":[{"href":"http:\/\/www.graduats.org\/wordpress\/wp-json\/wp\/v2\/pages\/6431","targetHints":{"allow":["GET"]}}],"collection":[{"href":"http:\/\/www.graduats.org\/wordpress\/wp-json\/wp\/v2\/pages"}],"about":[{"href":"http:\/\/www.graduats.org\/wordpress\/wp-json\/wp\/v2\/types\/page"}],"author":[{"embeddable":true,"href":"http:\/\/www.graduats.org\/wordpress\/wp-json\/wp\/v2\/users\/1"}],"replies":[{"embeddable":true,"href":"http:\/\/www.graduats.org\/wordpress\/wp-json\/wp\/v2\/comments?post=6431"}],"version-history":[{"count":5,"href":"http:\/\/www.graduats.org\/wordpress\/wp-json\/wp\/v2\/pages\/6431\/revisions"}],"predecessor-version":[{"id":6496,"href":"http:\/\/www.graduats.org\/wordpress\/wp-json\/wp\/v2\/pages\/6431\/revisions\/6496"}],"up":[{"embeddable":true,"href":"http:\/\/www.graduats.org\/wordpress\/wp-json\/wp\/v2\/pages\/6427"}],"wp:attachment":[{"href":"http:\/\/www.graduats.org\/wordpress\/wp-json\/wp\/v2\/media?parent=6431"}],"curies":[{"name":"wp","href":"https:\/\/api.w.org\/{rel}","templated":true}]}}