{"id":6670,"date":"2024-10-22T11:30:43","date_gmt":"2024-10-22T09:30:43","guid":{"rendered":"https:\/\/www.graduats.org\/wordpress\/?page_id=6670"},"modified":"2024-10-22T11:30:44","modified_gmt":"2024-10-22T09:30:44","slug":"curso-2023-2024","status":"publish","type":"page","link":"https:\/\/www.graduats.org\/wordpress\/curso-2023-2024\/","title":{"rendered":"Curso 2023-2024"},"content":{"rendered":"\n<h2 class=\"wp-block-heading\">ASAMBLEA DE COMIENZO DE CURSO. PROGRAMACI\u00d3N.<\/h2>\n\n\n\n<p>12 octubre, 2023&nbsp;\u00b7 by&nbsp;<a href=\"http:\/\/www.graduats.org\/wordpress\/author\/admin\/\">Graduats a.c.<\/a>&nbsp;\u00b7 in&nbsp;<a href=\"http:\/\/www.graduats.org\/wordpress\/category\/noticias\/\">Noticias<\/a><\/p>\n\n\n\n<p>El pasado 1\u00ba de octubre nos reunimos en casa de Mar\u00eda Iborra, en Rocafort, para programar el curso. Comenzamos con una oraci\u00f3n y a continuaci\u00f3n programamos el curso. Celebramos la Eucarist\u00eda y luego comimos todos juntos.<\/p>\n\n\n\n<p>Sobre las reuniones de los equipos se propusieron algunos textos para acompa\u00f1ar la revisi\u00f3n de vida. Entre otros, se coment\u00f3 el de Fabio Rosini,&nbsp;<em>El arte de recomenzar<\/em>; se acord\u00f3 utilizarlo en los ejercicios de marzo. Se indic\u00f3 tambi\u00e9n&nbsp;<em>El impulso del Esp\u00edritu. Gu\u00eda para la lectura comunitaria de los Hechos de los Ap\u00f3stoles<\/em>, ed. Casa de la Biblia. De Dolores Alixandre,&nbsp;<em>Contar a Jes\u00fas<\/em>.<\/p>\n\n\n\n<p>Se pasaron las cuentas del curso \u00faltimo. Hay un peque\u00f1o remanente (490\u20ac). Hacia final de a\u00f1o habr\u00e1 que realizar una aportaci\u00f3n.<\/p>\n\n\n<div class=\"wp-block-image\">\n<figure class=\"alignleft is-resized\"><img loading=\"lazy\" decoding=\"async\" width=\"576\" height=\"1024\" src=\"https:\/\/www.graduats.org\/wordpress\/wp-content\/uploads\/2023\/10\/5372EBC5-D67C-4CA9-A13C-6FC30CEA4C14_1_105_c-576x1024.jpeg\" alt=\"\" class=\"wp-image-6574\" style=\"width:379px;height:auto\" srcset=\"https:\/\/www.graduats.org\/wordpress\/wp-content\/uploads\/2023\/10\/5372EBC5-D67C-4CA9-A13C-6FC30CEA4C14_1_105_c-576x1024.jpeg 576w, https:\/\/www.graduats.org\/wordpress\/wp-content\/uploads\/2023\/10\/5372EBC5-D67C-4CA9-A13C-6FC30CEA4C14_1_105_c-169x300.jpeg 169w, https:\/\/www.graduats.org\/wordpress\/wp-content\/uploads\/2023\/10\/5372EBC5-D67C-4CA9-A13C-6FC30CEA4C14_1_105_c.jpeg 665w\" sizes=\"auto, (max-width: 576px) 100vw, 576px\" \/><\/figure>\n<\/div>\n\n\n<p>El calendario queda como sigue:<\/p>\n\n\n\n<p>Retiro de Navidad: s\u00e1bado 16 de diciembre de 2023.<br \/>Ejercicios espirituales: 9-10 de marzo de 2024.<br \/>Asamblea de final de curso 15 \u00f3 16 de junio de 2024.<\/p>\n\n\n\n<p class=\"has-large-font-size\">Seminario de formaci\u00f3n 2023-2024<\/p>\n\n\n\n<p>5 noviembre, 2023&nbsp;\u00b7 by&nbsp;<a href=\"https:\/\/www.graduats.org\/wordpress\/author\/admin\/\">Graduats a.c.<\/a>&nbsp;\u00b7 in&nbsp;<a href=\"https:\/\/www.graduats.org\/wordpress\/category\/noticias\/\">Noticias<\/a>&nbsp;\u00b7<a href=\"https:\/\/www.graduats.org\/wordpress\/wp-admin\/post.php?post=6585&amp;action=edit\">Edit<\/a><\/p>\n\n\n\n<p>1\u00aa sesi\u00f3n: El sentido de la liturgia.<br \/>Edgar Esteve, catedr\u00e1tico de liturgia de la facultad de teolog\u00eda de Valencia.<br \/>18 de noviembre de 2023.-<\/p>\n\n\n\n<p>2\u00aa sesi\u00f3n: La Eucarist\u00eda. Oraci\u00f3n lit\u00fargica por excelencia de la iglesia.<br \/>Javier Salinas, obispo em\u00e9rito<br \/>27 de enero de 2024.-<\/p>\n\n\n\n<p>3\u00aa sesi\u00f3n: Actualidad religiosa y filos\u00f3fica de Blaise Pascal<br \/>Juan Jos\u00e9 Garrido, catedr\u00e1tico de historia de la filosof\u00eda de la facultad de teolog\u00eda de Valencia.<br \/>24 de febrero de 2024.-<\/p>\n\n\n\n<p>4\u00aa sesi\u00f3n: Edith Stein: testimonio de crecimiento espiritual<br \/>Emilia Bea, profesora de filosof\u00eda del derecho de la universidad de Valencia<br \/>4 de mayo de 2024.-<\/p>\n\n\n\n<p>5\u00aa sesi\u00f3n: presentaci\u00f3n de&nbsp;<em>Laudate Deum,<\/em>&nbsp;la reci\u00e9n aparecida exhortaci\u00f3n apost\u00f3lica del Papa sobre Fe y cuidado de la casa com\u00fan.<br \/>25 de mayo de 2024.-<\/p>\n\n\n\n<p>Bibliograf\u00eda para las sesiones:<br \/>Romano Guardini,\u00a0<em><a href=\"https:\/\/guardini.files.wordpress.com\/2010\/10\/el-espiritu-de-la-liturgia.pdf\">El esp\u00edritu de la liturgia<\/a><\/em>, Centre de pastoral lit\u00fargica, Baercelona, 1999, cuaderno n\u00ba 100.<br \/>Joseph Ratzinger. Benedicto XVI,\u00a0<em><a href=\"https:\/\/www.traditio-op.org\/Liturgica_Rito_Latino\/El_Espiritu_de_La_Liturgia_Ratzinger.pdf\">El esp\u00edritu de la liturgia<\/a>,\u00a0<\/em>ed. Cristiandad, Madrid, 2007.<br \/>Blaise Pascal,\u00a0<em>Pensamientos<\/em>, ed. Espasa -Calpe, Madrid, 1967, trad. Xavier Zubiri.<br \/>Carta apost\u00f3lica\u00a0<em><a href=\"https:\/\/www.vatican.va\/content\/francesco\/es\/apost_letters\/documents\/20230619-sublimitas-et-miseria-hominis.html\">Sublimitas et miseria hominis<\/a><\/em>, del santo padre Francisco en el cuarto centenario del nacimiento de Blaise Pascal.<br \/>Emilia Bea,\u00a0<em>Testimonis del segle XX<\/em>, Publicacions de l\u2019Abadia de Montserrat, 2001.<br \/>Papa Francisco,\u00a0<em><a href=\"https:\/\/www.vatican.va\/content\/francesco\/es\/apost_exhortations\/documents\/20231004-laudate-deum.html\">Laudate Deum<\/a><\/em>. Exhortaci\u00f3n apost\u00f3lica a todas las personas de buena voluntad sobre la crisis clim\u00e1tica.<\/p>\n\n\n\n<h1 class=\"wp-block-heading\">Ejercicios 2024<\/h1>\n\n\n\n<p>11 marzo, 2024&nbsp;\u00b7 by&nbsp;<a href=\"https:\/\/www.graduats.org\/wordpress\/author\/admin\/\">Graduats a.c.<\/a>&nbsp;\u00b7 in&nbsp;<a href=\"https:\/\/www.graduats.org\/wordpress\/category\/noticias\/\">Noticias<\/a>&nbsp;\u00b7<a href=\"https:\/\/www.graduats.org\/wordpress\/wp-admin\/post.php?post=6631&amp;action=edit\">Edit<\/a><\/p>\n\n\n\n<p>El pasado fin de semana (8-10) de marzo de 2024, celebramos los ejercicios anuales en el Santuario de Nuestra Se\u00f1ora de los \u00c1ngeles (J\u00e1vea).<\/p>\n\n\n\n<p>Gonzalo Albero, p\u00e1rroco de la iglesia de los Santos Juanes de Valencia, nos habl\u00f3 en tres sesiones acerca del Esp\u00edritu Santo.<\/p>\n\n\n\n<p>Al final ten\u00e9is unos enlaces a un par de textos. El primero un\u00e1s p\u00e1gina del libro de Karl Rahnner titulado&nbsp;<em>Experiencia del esp\u00edritu<\/em>. Como es dif\u00edcil de encontrar tenemos una versi\u00f3n digital por si a alguien le interesa. El otro texto es de Juan Maria Uriarte, de su libro<em>&nbsp;El Esp\u00edritu Santo. Vida para la iglesia y el mundo<\/em>; este se puede encontrar en la librer\u00eda San Pablo (Plaza de la Reina).<\/p>\n\n\n\n<p>Echamos de menos a los que no pudisteis asistir.<\/p>\n\n\n\n<figure class=\"wp-block-image\"><img loading=\"lazy\" decoding=\"async\" width=\"1024\" height=\"616\" src=\"http:\/\/www.graduats.org\/wordpress\/wp-content\/uploads\/2024\/03\/Foto-de-grupo-2-1024x616.png\" alt=\"\" class=\"wp-image-6632\" srcset=\"https:\/\/www.graduats.org\/wordpress\/wp-content\/uploads\/2024\/03\/Foto-de-grupo-2-1024x616.png 1024w, https:\/\/www.graduats.org\/wordpress\/wp-content\/uploads\/2024\/03\/Foto-de-grupo-2-300x181.png 300w, https:\/\/www.graduats.org\/wordpress\/wp-content\/uploads\/2024\/03\/Foto-de-grupo-2-768x462.png 768w, https:\/\/www.graduats.org\/wordpress\/wp-content\/uploads\/2024\/03\/Foto-de-grupo-2-1536x924.png 1536w, https:\/\/www.graduats.org\/wordpress\/wp-content\/uploads\/2024\/03\/Foto-de-grupo-2.png 1630w\" sizes=\"auto, (max-width: 1024px) 100vw, 1024px\" \/><\/figure>\n\n\n\n<p><a href=\"http:\/\/www.graduats.org\/wordpress\/wp-content\/uploads\/2024\/03\/Rahnner-elites-y-espiritu.pdf\" target=\"_blank\" rel=\"noreferrer noopener\">Karl Rahnner, \u00abLa experiencia del Esp\u00edritu no est\u00e1 reservada a las \u00e9lites\u00bb<\/a><br \/><a href=\"http:\/\/www.graduats.org\/wordpress\/wp-content\/uploads\/2024\/03\/Juan-Maria-Uriart-El-Espiritu-Santo.pdf\" target=\"_blank\" rel=\"noreferrer noopener\">Juan Mar\u00eda Uriarte, \u00abEl mundo tiene necesidad de hombres y mujeres llenos de Esp\u00edritu Santo\u00bb<\/a><\/p>\n","protected":false},"excerpt":{"rendered":"<p>ASAMBLEA DE COMIENZO DE CURSO. PROGRAMACI\u00d3N. 12 octubre, 2023&nbsp;\u00b7 by&nbsp;Graduats a.c.&nbsp;\u00b7 in&nbsp;Noticias El pasado 1\u00ba de octubre nos reunimos en casa de Mar\u00eda Iborra, en Rocafort, para programar el curso. Comenzamos con una oraci\u00f3n y a continuaci\u00f3n programamos el curso. Celebramos la Eucarist\u00eda y luego comimos todos juntos. Sobre las reuniones de los equipos se [&hellip;]<\/p>\n","protected":false},"author":1,"featured_media":0,"parent":0,"menu_order":0,"comment_status":"closed","ping_status":"closed","template":"","meta":{"footnotes":""},"class_list":["post-6670","page","type-page","status-publish","hentry"],"_links":{"self":[{"href":"https:\/\/www.graduats.org\/wordpress\/wp-json\/wp\/v2\/pages\/6670","targetHints":{"allow":["GET"]}}],"collection":[{"href":"https:\/\/www.graduats.org\/wordpress\/wp-json\/wp\/v2\/pages"}],"about":[{"href":"https:\/\/www.graduats.org\/wordpress\/wp-json\/wp\/v2\/types\/page"}],"author":[{"embeddable":true,"href":"https:\/\/www.graduats.org\/wordpress\/wp-json\/wp\/v2\/users\/1"}],"replies":[{"embeddable":true,"href":"https:\/\/www.graduats.org\/wordpress\/wp-json\/wp\/v2\/comments?post=6670"}],"version-history":[{"count":2,"href":"https:\/\/www.graduats.org\/wordpress\/wp-json\/wp\/v2\/pages\/6670\/revisions"}],"predecessor-version":[{"id":6672,"href":"https:\/\/www.graduats.org\/wordpress\/wp-json\/wp\/v2\/pages\/6670\/revisions\/6672"}],"wp:attachment":[{"href":"https:\/\/www.graduats.org\/wordpress\/wp-json\/wp\/v2\/media?parent=6670"}],"curies":[{"name":"wp","href":"https:\/\/api.w.org\/{rel}","templated":true}]}}